-71 - -64).
-22
-2 - -3 - 13 - (1 + 23 - (-36 - -40))
-32
Evaluate -1 - (-26 - (-9 + 3 - (-8 + 2))).
25
What is the value of 4 - (-27 - (-22 + -15))?
-6
What is the value of (-2024 - -1946) + (28 - 1)?
-51
What is the value of (47 - (10 + -2)) + (-44 - -39) + 21?
55
What is the value of 26 + 60 + -13 + (-24 - -14)?
63
What is 11 - 47 - (69 + -11)?
-94
Calculate 46 - (8 + -24 - (-16 - (13 + -6))).
39
Calculate -37 + (-2 - -2 - ((-20 - -7) + 4 + 5)).
-33
What is -93 - 1 - (-25 + -3 - (-9 + (27 - 34)))?
-82
What is the value of -14 + 34 + -23 + -3 + 0 - -7?
1
What is 30 - 4 - (9 - (35 + -14) - -9)?
29
Evaluate 4 + (-18 - 0) - (-2640 + 2733).
-107
Evaluate -3 - (-9 + (6 - -4) - -7) - -14 - -135.
138
Evaluate (-281 - (-481 - -231)) + (0 - 17 - -2).
-46
(1 + 3 + 0 - -52) + 27 + (-7 - 14)
62
Calculate 24 - (-165 - -66 - -75).
48
What is -4 + (-16 + 16 + 17 - -2)?
15
What is -26 + -6 + (-3 - (-11 + -1 + 4))?
-27
What is the value of 2 + 50 + (-41 - -15) - 15?
11
What is 19 + 64 + -28 + 9 - 3?
61
Calculate 44 + (-74 - 13 - -40) + 0 + 49 + 0.
46
What is -112 + -1 + -32757 + 32765?
-105
Calculate (-21 - (-27 - 25)) + (-2 - 1) + 4.
32
Evaluate 2 - (60 + 65 + -107).
-16
0 + -3 + (20 - 6) - -7
18
Calculate -4 + -3 + (-186 - -169).
-24
Calculate -96 - (23 + -71) - -84.
36
What is -100 + (22 - 34) + -7 + 15?
-104
Evaluate ((2 - -1) + 6 - (-11 - (29 + -49))) + -41.
-41
What is 35 - (-13 - -78) - (-24 + 1)?
-7
What is the value of -23 + 1 + (110 + -41 - 42)?
5
Calculate -63 + (54 - -17) + (1 - (36 + -2)).
-25
-61 + (175 - (-62 + 74))
102
-2 - 13 - (24 + -9 - -18 - 33)
-15
What is 3 - (12 - (-27 - (-12 - 15)))?
-9
50 - (-6 - 25 - -41) - -72
112
Evaluate 1 - (7 - 3) - (161 + -177).
13
Calculate 1 - -32 - (6 + (3 - 2) + -11).
37
Calculate (-154 + 118 - (-14 - 7)) + 85.
70
What is the value of (-66 - 31 - -26) + -27 + 28?
-70
Evaluate (-18 - (3 - (14 - 25) - 87)) + 21.
76
-9 + (2 - (-49 + -19 + 39 + -6 + -2))
30
What is the value of 59 + -30 + 49 + -39?
39
Evaluate (3 - (11 + -12)) + 1 + 36 + 104 + -97.
48
4 + -2 + (5 - (7 - 1)) + (-13 - -32)
20
What is the value of -251 + (115 - 38 - -50)?
-124
What is 20 - 37 - (-29 + 59)?
-47
What is the value of (9 - (11 - 6)) + -78 + 46?
-28
Calculate -3 - -47 - 43 - (3 - 32).
30
Evaluate -19 + 28 + -38 + 1 + (5 - 7 - 2).
-32
What is 4 + -8 + 5 - (-13 + 52 + -39)?
1
(23 - -2) + -12 + 12 + -16 + 17
26
What is the value of (29 - 39) + (15 + 18 - -15)?
38
What is -1 + -1 + -5 + -246 + (-221 - -436)?
-38
Evaluate -4 + (127 - 113) + (-1 - 2 - (107 - -5)).
-105
Calculate -51 + (-16 + 7 - -31) + (3 - 11).
-37
What is (-28 + -12 - -24) + (-1 - -3)?
-14
What is the value of -65 + (29 + -11 - 19 - (7 + 4 + -16))?
-61
What is 56 + (3 - (-8 + (2 - (10 + -9 + -4))))?
62
-41 - -89 - ((-3 - -93) + 20)
-62
What is 20 + (1 + -10 - 5) - 17 - 12?
-23
Evaluate 45 - (9 + -7) - (117 + -96).
22
154 + -91 + (17 - (-19 - -16))
83
What is (-15 - 0) + -9 + (31 - 11) + -2?
-6
What is -8 + 18 + 22 - (-178 + 116)?
94
-1 - -27 - (-4 + 40)
-10
Evaluate 10 + (13 - 7 - 6) + (37 - 33) + 6.
20
Calculate -88 - 1 - (50 + -65 + 40 - 40).
-74
(39 - 20) + (2 - 10)
11
Calculate -62 + -74 - -141 - 68.
-63
What is the value of 40 - (3 - -1) - (-4407 - -4336)?
107
Evaluate -65 + (12 - (75 - 47)).
-81
Evaluate (-20 + -71 - -95) + 42 + 1.
47
Evaluate 47 - (-1 + 28 - 46).
66
What is 4 + 1 + (7 - 1) - (79 - 56)?
-12
4 + 12 + (192 - 188)
20
Evaluate 5 - (13 + -31 + 9 + 29 + -7 + 5).
-13
What is the value of 0 - (-28 + (-13 - (-59 + 3)))?
-15
-76 + 94 - (4 - -1)
13
Calculate -121 - (-8 + -73) - (21 - -1).
-62
20 - (10 + -6) - (-202 + 228)
-10
Evaluate -37 + (-106 - -230) + 17.
104
What is 4 + 19 + (60 - (-175 + 296))?
-38
What is the value of (-2 - 33) + -432 + 471 + -6?
-2
8 + -3 + 34 - (43 + 38 + (-100 - -30))
28
Evaluate (49 + -2 - (129 - 131)) + -19.
30
What is -63 - (2 + (14 - (-1 + 5)) - (15 - -8))?
-52
What is 532 + -545 - (-10 - 24)?
21
What is -22 + -2 + (38 + -36 + 5 - (-3 - 0))?
-14
-20 + (7 + -1 + 13 - 7) + (-14 - -1)
-21
What is the value of -871 + 841 - (-48 + 1)?
17
What is the value of 33 + (-132 - -27 - -123)?
51
What is the value of -2 + 0 - -7 - (51 - 101)?
55
What is 3 + 23 - (246 + -226) - 12?
-6
Evaluate (-17 - 36) + 118 - 57.
8
Evaluate (22 - 10) + (6 - (-6 - -2 - -7 - -4)).
11
What is the value of 22 - -1 - (-53 - -72 - -10)?
-6
What is -1 + 27 + 53 + -92 + 57?
44
What is 747 + -797 + (117 - 5)?
62
-135 - (27 - (29 + 50))
-83
Calculate -22 + -95 + 53 - -70.
6
Calculate -14 + (-49 - -28) + 4.
-31
Evaluate -22 + 13 + (11 - 6 - (-5 - -8)) + -40.
-47
Calculate 20 + (-54 + 29 - 30).
-35
Calculate -8 + 110 + (1 - 7) + -7 - (143 - 146).
92
Calculate -91 - (26 + -39) - (1 + -2 + 3 + 5).
-85
What is the value of -26 - 1 - (267 + -294) - (64 + -2 - -2)?
-64
(1 - (18 - 10)) + -26 - (56 + -50)
-39
What is the value of -7 + 3 + 7 + 14 + 15 - 6?
26
((8 - -4) + -2 - 16) + 66 + (-3 - 4)
53
Evaluate -2 + 2 + -1 + 7 + 558 + -551 - -49.
62
What is the value of -49 - ((25 - -14) + -82)?
-6
Calculate (39 - 49 - (-13 - -1)) + (-13 + 8 - -17).
14
-158 - (-137 + 32) - -24
-29
-46 - (-10 + -4 + (1 - 8 - 2) + 14)
-37
Calculate -38 + 33 - (-74 - 0) - 15 - (-11 - 0).
65
What is the value of -48 + 22 + (-169 + 173 - (-8 - -1))?
-15
Evaluate 11 + 91 + -70 - -7.
39
What is the value of (5 - 7) + (8 - 20) - 5?
-19
What is the value of (-8 - (1 + -44)) + (-284 - -217)?
-32
Evaluate -9 + (-7 + -1 - -25) - (-65 - -5) - 10.
58
Evaluate (206 - 152) + 13 - (-35 - 2).
104
Calculate (19 - 37 - -68 - 27) + -44.
-21
(-1 - (-1 - -15)) + -27 + 53 + -30 - -9
-10
Evaluate -2 + -109 + (-5 - 4) + 15 + 22.
-83
Evaluate 137 - (-150 - -111 - -58).
118
What is the value of 48 - (504 - 387) - (0 + -2 + 3 + 1)?
-71
What is 33 + 6 + -15 + -24 - (12 + -17)?
5
-78 + 40 + 75 - 56
-19
-16 + 11 + -9 + 2 - -10
-2
What is (-81 + 43 - 41) + 0 + -36?
-115
Calculate (-3 - 32) + 59 - -7.
31
What is the value of -6 + 6 + -26 + -8?
-34
What is -47 + 128 - (-1 + 53)?
29
Evaluate -32 - 3 - (-36 - -47).
-46
(-23 - 0) + 1368 + -1374
-29
(19 - 22) + 7 + 16 - -54 - -1
75
Evaluate 11 + -34 + 14 + 4 + (-2 - -52).
45
Calculate (-2 - (4 - 2) - -12) + 25 + (16 - 125).
-76
What is the value of 2 - -11 - (-15 + (-41 - -46))?
23
What is the value of 5 + -11 + -71 - 12?
-89
What is the value of -8 - ((-10 - 0) + (-159 - -192) - 11)?
-20
16 + -5 + (28 - 34) + (7 - 2 - 33)
-23
Evaluate -86 + 138 - (8 - 2 - -2 - (1 + -2)).
43
Calculate -103 + -24 + 12 + 14 + -14 + (-12 - -12).
-115
What is (7 - (3 + 1) - (5 - -16 - 7)) + -101?
-112
What is the value of -27 + 27 + -56 + 4 + 25?
-27
What is 1 - 6 - (-1004 - -1004 - (0 - -59))?
54
Evaluate -93 + -26 + 54 + 114.
49
Evaluate 1 + -8 + 70 + -14 + (-9 - (1 - 24)).
63
Evaluate -58 + 12 - (-9 + 4 - (5 + -4 + 5)).
-35
What is the value of (18 - -5) + -75 + 34?
-18
-2467 + 2455 - (-26 - (-3 + 0 + 1))
12
What is the value of 80 - (46 - (85 - 54))?
65
Evaluate (1559 - 1622) + 2 + (-2 - -11).
-52
-45 + 81 + -31 + 17
22
1204 + -1117 - (5 - 6 - (2 - -10))
100
What is 0 + -50 - (37 - (13 + 25))?
-49
Evaluate 76 + (59 + 3 + -20 - 49).
69
Evaluate (-1 - 4) + 56 + (-35 - 24).
-8
What is 19 + -18 - (6 - (15 - 23) - 4)?
-9
What is the value of 14 + (-49 - -5) + 4 + (3 - 0)?
-23
What is 0 - (-1 - 20) - (1294 - 1298) - -6?
31
What is (108 - -25) + 2 + -3 + 12 + -15?
129
What is the value of 78 + (0 - 8) - (27 + (10 - 31))?
64
What is 67 + (-84 - -5) - (2 + 0) - -75?
61
What is -62 + 29 + 19 + (0 - 1)?
-15
What is the value of 10 - ((27 - (30 - 19)) + -20 + -27)?
41
What is the value of -3 - (89 - 3) - ((-27 - -1) + 10)?
-73
What is the value of 0 - 58 - ((-285 - -50) + 187)?
-10
1065 + -1035 - (-12 + -1)
43
What is -823 + 879 - (1 + 37)?
18
What is the value of 10 - -4 - (8 - (3 - (3 - 2)))?
8
Calculate 29 + -11 + -18 + 18.
18
-33 - (-52 + (16 - (-25 - 0)))
-22
What is 51 - ((-19 - -40) + -21)?
51
7 - (0 + -30 + -10 - -16)
31
Calculate (1958 - 1856 - (29 + -2)) + -1 + 1 + -1.
74
14 + -11 + (0 - -2) + (150 - 186)
-31
Evaluate 59 + (19 - 110 - -71).
39
68 - -3 - (-452 - -555)
-32
(-116 - -121) + 11 + -1 + -42 + 11
-16
What is -3 + 0 + 42 + -13 + -35 - (-1 - -19)?
-27
What is the value of -56 - ((-27 - 17) + 37)?
-49
Evaluate 23 + (-168 - -154) + (2 - -15) + (-5 - -5).
26
Calculate 55 + -27 + 0 + -27 + -5.
-4
